{"id":342,"date":"2014-11-26T17:07:49","date_gmt":"2014-11-26T17:07:49","guid":{"rendered":"http:\/\/bernardoerlich.com\/?page_id=342"},"modified":"2016-12-30T19:17:38","modified_gmt":"2016-12-30T19:17:38","slug":"mas-respeto-que-soy-tu-madre","status":"publish","type":"page","link":"https:\/\/bernardoerlich.com\/?page_id=342","title":{"rendered":"M\u00e1s respeto que soy tu madre"},"content":{"rendered":"<p>Desde 2004 ilustr\u00f3 el blog <a href=\"http:\/\/mujergorda.bitacoras.com\/\">\u00abM\u00e1s respeto que soy tu madre\u00bb<\/a>, de Hern\u00e1n Casciari, elegido en 2006 por la Deutsche Welle como \u00abMejor blog del mundo\u00bb. Ilustr\u00f3 tambi\u00e9n las ediciones espa\u00f1ola y argentina del libro.<\/p>\n","protected":false},"excerpt":{"rendered":"<p>Desde 2004 ilustr\u00f3 el blog \u00abM\u00e1s respeto que soy tu madre\u00bb, de Hern\u00e1n Casciari, elegido en 2006 por la Deutsche Welle como \u00abMejor blog del mundo\u00bb. Ilustr\u00f3 tambi\u00e9n las ediciones espa\u00f1ola y argentina del libro.<\/p>\n","protected":false},"author":4,"featured_media":0,"parent":0,"menu_order":1,"comment_status":"closed","ping_status":"closed","template":"page-template-portfolio.php","meta":[],"_links":{"self":[{"href":"https:\/\/bernardoerlich.com\/index.php?rest_route=\/wp\/v2\/pages\/342"}],"collection":[{"href":"https:\/\/bernardoerlich.com\/index.php?rest_route=\/wp\/v2\/pages"}],"about":[{"href":"https:\/\/bernardoerlich.com\/index.php?rest_route=\/wp\/v2\/types\/page"}],"author":[{"embeddable":true,"href":"https:\/\/bernardoerlich.com\/index.php?rest_route=\/wp\/v2\/users\/4"}],"replies":[{"embeddable":true,"href":"https:\/\/bernardoerlich.com\/index.php?rest_route=%2Fwp%2Fv2%2Fcomments&post=342"}],"version-history":[{"count":0,"href":"https:\/\/bernardoerlich.com\/index.php?rest_route=\/wp\/v2\/pages\/342\/revisions"}],"wp:attachment":[{"href":"https:\/\/bernardoerlich.com\/index.php?rest_route=%2Fwp%2Fv2%2Fmedia&parent=342"}],"curies":[{"name":"wp","href":"https:\/\/api.w.org\/{rel}","templated":true}]}}