{"id":305,"date":"2014-11-25T22:09:30","date_gmt":"2014-11-25T22:09:30","guid":{"rendered":"http:\/\/bernardoerlich.com\/?page_id=305"},"modified":"2016-12-30T19:14:56","modified_gmt":"2016-12-30T19:14:56","slug":"el-pais-2","status":"publish","type":"page","link":"https:\/\/bernardoerlich.com\/?page_id=305","title":{"rendered":"El Pa\u00eds"},"content":{"rendered":"<p>Entre 2007 y 2014 public\u00f3 una vi\u00f1eta diaria en el Diario <a href=\"http:\/\/elpais.com\/autor\/bernardo_erlich\/a\/\">El Pa\u00eds<\/a> de Espa\u00f1a. <\/p>\n","protected":false},"excerpt":{"rendered":"<p>Entre 2007 y 2014 public\u00f3 una vi\u00f1eta diaria en el Diario El Pa\u00eds de Espa\u00f1a.<\/p>\n","protected":false},"author":4,"featured_media":0,"parent":0,"menu_order":4,"comment_status":"closed","ping_status":"closed","template":"page-template-portfolio.php","meta":[],"_links":{"self":[{"href":"https:\/\/bernardoerlich.com\/index.php?rest_route=\/wp\/v2\/pages\/305"}],"collection":[{"href":"https:\/\/bernardoerlich.com\/index.php?rest_route=\/wp\/v2\/pages"}],"about":[{"href":"https:\/\/bernardoerlich.com\/index.php?rest_route=\/wp\/v2\/types\/page"}],"author":[{"embeddable":true,"href":"https:\/\/bernardoerlich.com\/index.php?rest_route=\/wp\/v2\/users\/4"}],"replies":[{"embeddable":true,"href":"https:\/\/bernardoerlich.com\/index.php?rest_route=%2Fwp%2Fv2%2Fcomments&post=305"}],"version-history":[{"count":0,"href":"https:\/\/bernardoerlich.com\/index.php?rest_route=\/wp\/v2\/pages\/305\/revisions"}],"wp:attachment":[{"href":"https:\/\/bernardoerlich.com\/index.php?rest_route=%2Fwp%2Fv2%2Fmedia&parent=305"}],"curies":[{"name":"wp","href":"https:\/\/api.w.org\/{rel}","templated":true}]}}

El País

<p>Entre 2007 y 2014 publicó una viñeta diaria en el Diario <a href="http://elpais.com/autor/bernardo_erlich/a/">El País</a> de España. </p>

<p>Entre 2007 y 2014 publicó una viñeta diaria en el Diario El País de España.</p>
